{"id":9,"date":"2023-06-02T13:52:42","date_gmt":"2023-06-02T11:52:42","guid":{"rendered":"https:\/\/cheerleadingmonaco.com\/?page_id=9"},"modified":"2023-06-06T19:31:09","modified_gmt":"2023-06-06T17:31:09","slug":"a-propos-de","status":"publish","type":"page","link":"https:\/\/cheerleadingmonaco.com\/index.php\/a-propos-de\/","title":{"rendered":"L&rsquo;association Monaco All Stars"},"content":{"rendered":"\n<p><p style=\"text-align: justify;\">Cette association a aussi pour objet de cr\u00e9er et de promouvoir des repr\u00e9sentations visant \u00e0 accompagner toutes sortes de manifestations sportives en Principaut\u00e9 de Monaco et ses environs.<br>Les moyens d&rsquo;actions sont :<\/p><\/p>\n\n\n\n<ul class=\"wp-block-list\">\n<li>Animation lors de manifestations sportives ;<\/li>\n\n\n\n<li>D\u00e9monstration lors de forums, expositions, foires ;<\/li>\n\n\n\n<li>Participation lors des manifestations caritatives ;<\/li>\n\n\n\n<li>Participation aux concours r\u00e9gionaux de Cheerleading<\/li>\n<\/ul>\n","protected":false},"excerpt":{"rendered":"<p>Cette association a aussi pour objet de cr\u00e9er et de promouvoir des repr\u00e9sentations visant \u00e0 accompagner toutes sortes de manifestations sportives en Principaut\u00e9 de Monaco et ses environs.Les moyens d&rsquo;actions sont :<\/p>\n","protected":false},"author":1,"featured_media":58,"parent":0,"menu_order":0,"comment_status":"closed","ping_status":"closed","template":"","meta":{"footnotes":""},"class_list":["post-9","page","type-page","status-publish","has-post-thumbnail","hentry"],"_links":{"self":[{"href":"https:\/\/cheerleadingmonaco.com\/index.php\/wp-json\/wp\/v2\/pages\/9","targetHints":{"allow":["GET"]}}],"collection":[{"href":"https:\/\/cheerleadingmonaco.com\/index.php\/wp-json\/wp\/v2\/pages"}],"about":[{"href":"https:\/\/cheerleadingmonaco.com\/index.php\/wp-json\/wp\/v2\/types\/page"}],"author":[{"embeddable":true,"href":"https:\/\/cheerleadingmonaco.com\/index.php\/wp-json\/wp\/v2\/users\/1"}],"replies":[{"embeddable":true,"href":"https:\/\/cheerleadingmonaco.com\/index.php\/wp-json\/wp\/v2\/comments?post=9"}],"version-history":[{"count":6,"href":"https:\/\/cheerleadingmonaco.com\/index.php\/wp-json\/wp\/v2\/pages\/9\/revisions"}],"predecessor-version":[{"id":256,"href":"https:\/\/cheerleadingmonaco.com\/index.php\/wp-json\/wp\/v2\/pages\/9\/revisions\/256"}],"wp:featuredmedia":[{"embeddable":true,"href":"https:\/\/cheerleadingmonaco.com\/index.php\/wp-json\/wp\/v2\/media\/58"}],"wp:attachment":[{"href":"https:\/\/cheerleadingmonaco.com\/index.php\/wp-json\/wp\/v2\/media?parent=9"}],"curies":[{"name":"wp","href":"https:\/\/api.w.org\/{rel}","templated":true}]}}