{"id":224,"date":"2023-06-06T17:00:17","date_gmt":"2023-06-06T15:00:17","guid":{"rendered":"https:\/\/cheerleadingmonaco.com\/?page_id=224"},"modified":"2025-06-26T22:11:56","modified_gmt":"2025-06-26T20:11:56","slug":"adhesions-et-entrainements","status":"publish","type":"page","link":"https:\/\/cheerleadingmonaco.com\/index.php\/adhesions-et-entrainements\/","title":{"rendered":"Adh\u00e9sions et entra\u00eenements"},"content":{"rendered":"\r\n<h2 class=\"wp-block-heading\">Les cat\u00e9gories<\/h2>\r\n\r\n\r\n\r\n<p>Il y a plusieurs cat\u00e9gories en fonction de l&rsquo;\u00e2ge des athl\u00e8tes. Voici les cat\u00e9gories en fonction de l&rsquo;ann\u00e9e de naissance pour l&rsquo;ann\u00e9e 2025\/2026 :<\/p>\r\n\r\n\r\n\r\n<p><strong>MINIS &#8211; White Stars : <\/strong>N\u00e9(e) en 2020 &#8211; 2019 &#8211; 2018<\/p>\r\n\r\n\r\n\r\n<p><strong>MINIMES &#8211; Red Stars :<\/strong> N\u00e9(e) en 2017 &#8211; 2016 &#8211; 2015<\/p>\r\n\r\n\r\n\r\n<p><strong>JUNIORS &#8211; Silver Stars :<\/strong> N\u00e9(e) en 2014 &#8211; 2013 &#8211; 2012 &#8211; 2011\u00a0<\/p>\r\n\r\n\r\n\r\n<p><strong>SENIORS &#8211; Black Stars :<\/strong> N\u00e9(e) en 2010 et avant.<\/p>\r\n\r\n\r\n\r\n<p><strong>FREESTYLE &#8211; Golden Stars :<\/strong> N\u00e9(e) en 2010 et avant, sur s\u00e9lection uniquement.<\/p>\r\n\r\n\r\n\r\n<h2 class=\"wp-block-heading\">Cotisation annuelle<\/h2>\r\n\r\n\r\n\r\n<p><strong>MINIS &#8211; White Stars : <\/strong> 295 \u20ac<\/p>\r\n\r\n\r\n\r\n<p><strong>MINIMES &#8211; Red Stars :<\/strong> 320 \u20ac<\/p>\r\n\r\n\r\n\r\n<p><strong>JUNIORS &#8211; Silver Stars :<\/strong> 345 \u20ac<\/p>\r\n\r\n\r\n\r\n<p><strong>SENIORS &#8211; Black Stars :<\/strong> 345 \u20ac + 50 \u20ac Freestyle si s\u00e9lection<\/p>\r\n\r\n\r\n\r\n<p><strong>FREESTYLE &#8211; Golden Stars :<\/strong> 295 \u20ac, sur s\u00e9lection uniquement.<\/p>\r\n<p>La cotisation inclut un t-shirt MONACO ALL STARS 2025-2026 offert.<\/p>\r\n<p><img loading=\"lazy\" decoding=\"async\" class=\"alignnone size-medium wp-image-498\" src=\"http:\/\/cheerleadingmonaco.com\/wp-content\/uploads\/2025\/06\/tshirt--300x287.png\" alt=\"\" width=\"300\" height=\"287\" srcset=\"https:\/\/cheerleadingmonaco.com\/wp-content\/uploads\/2025\/06\/tshirt--300x287.png 300w, https:\/\/cheerleadingmonaco.com\/wp-content\/uploads\/2025\/06\/tshirt--768x735.png 768w, https:\/\/cheerleadingmonaco.com\/wp-content\/uploads\/2025\/06\/tshirt-.png 848w\" sizes=\"auto, (max-width: 300px) 100vw, 300px\" \/><\/p>\r\n<p>\r\n\r\n<\/p>\r\n<p>&nbsp;<\/p>\r\n<p>\r\n\r\n<\/p>\r\n<p>Il est possible sur demande d&rsquo;\u00e9taler le paiement sur plusieurs fois.<\/p>\r\n<p>\r\n\r\n<\/p>\r\n<h2 class=\"wp-block-heading\">Entra\u00eenements<\/h2>\r\n<p>\r\n\r\n<\/p>\r\n<figure class=\"wp-block-table is-style-stripes\">\r\n<table>\r\n<tbody>\r\n<tr>\r\n<td>Groupes<\/td>\r\n<td>Jours et horaires<\/td>\r\n<td>Lieux<\/td>\r\n<td>Reprise<\/td>\r\n<\/tr>\r\n<tr>\r\n<td>MINIS<\/td>\r\n<td>Mercredi de 13h45 \u00e0 15h00<\/td>\r\n<td>Ecole de la Condamine<\/td>\r\n<td>10 sept 2025<\/td>\r\n<\/tr>\r\n<tr>\r\n<td>MINIMES<\/td>\r\n<td>Mercredi de 15h00 \u00e0 17h00<\/td>\r\n<td>Ecole de la Condamine<\/td>\r\n<td>10 sept 2025<\/td>\r\n<\/tr>\r\n<tr>\r\n<td>JUNIORS<\/td>\r\n<td>Mardi de 19h00 \u00e0 20h30<br \/>Vendredi de 19h00 \u00e0 21h00<\/td>\r\n<td>Stade Louis II<br \/>Gare de Monaco<\/td>\r\n<td>09 sept 2025<\/td>\r\n<\/tr>\r\n<tr>\r\n<td>SENIORS<\/td>\r\n<td>Mardi de 19h00 \u00e0 20h30<br \/>Vendredi de 19h00 \u00e0 21h00<\/td>\r\n<td>Stade Louis II<br \/>Gare de Monaco<\/td>\r\n<td>09 sept 2025<\/td>\r\n<\/tr>\r\n<tr>\r\n<td>FREESTYLE<\/td>\r\n<td>Samedi (Freestyle) de 10h00 \u00e0 12h00<br \/>Samedi (Repr\u00e9sentation) de 12h00 \u00e0 13h00<\/td>\r\n<td>Espace Saint Antoine<br \/>Espace Saint Antoine<\/td>\r\n<td>13 sept 2025<\/td>\r\n<\/tr>\r\n<\/tbody>\r\n<\/table>\r\n<\/figure>\r\n<p>\r\n\r\n<\/p>\r\n<p>Les cours au Stade Louis II se d\u00e9roulent dans la salle de gymnastique. Les cours ayant lieu \u00e0 la Gare se d\u00e9roulent dans la Salle de Gymnastique Princesse St\u00e9phanie (c\u00f4t\u00e9 Pont Sainte D\u00e9vote).<\/p>\r\n<p>\r\n\r\n<\/p>\r\n<h2 class=\"wp-block-heading\">Proc\u00e9dure d&rsquo;inscription<\/h2>\r\n<p>\r\n\r\n<\/p>\r\n<p><strong>Attention : Victime de notre succ\u00e8s, l<\/strong><strong>es cours de certaines cat\u00e9gories sont en liste d&rsquo;attente, veuillez nous contacter afin d&rsquo;\u00eatre inscrit(e) sur cette liste.<\/strong><\/p>\r\n<p>Contactez le +33 6 12 59 44 78 pour conna\u00eetre la disponibilit\u00e9 du cours.<\/p>\r\n<p>Lorsque le cours est disponible, nous vous enverrons un dossier d&rsquo;inscription qui sera \u00e0 retourner \u00e0 l&#8217;email suivant : <strong>cheerleadingmonaco@gmail.com\u00a0<\/strong><\/p>\r\n<p><\/p>","protected":false},"excerpt":{"rendered":"<p>Les cat\u00e9gories Il y a plusieurs cat\u00e9gories en fonction de l&rsquo;\u00e2ge des athl\u00e8tes. Voici les cat\u00e9gories en fonction de l&rsquo;ann\u00e9e de naissance pour l&rsquo;ann\u00e9e 2025\/2026 : MINIS &#8211; White Stars : N\u00e9(e) en 2020 &#8211; 2019 &#8211; 2018 MINIMES &#8211; Red Stars : N\u00e9(e) en 2017 &#8211; 2016 &#8211; 2015 JUNIORS &#8211; Silver Stars : &hellip; <\/p>\n<p class=\"link-more\"><a href=\"https:\/\/cheerleadingmonaco.com\/index.php\/adhesions-et-entrainements\/\" class=\"more-link\">Continuer la lecture<span class=\"screen-reader-text\"> de &laquo;&nbsp;Adh\u00e9sions et entra\u00eenements&nbsp;&raquo;<\/span><\/a><\/p>\n","protected":false},"author":2,"featured_media":0,"parent":0,"menu_order":0,"comment_status":"closed","ping_status":"closed","template":"","meta":{"footnotes":""},"class_list":["post-224","page","type-page","status-publish","hentry"],"_links":{"self":[{"href":"https:\/\/cheerleadingmonaco.com\/index.php\/wp-json\/wp\/v2\/pages\/224","targetHints":{"allow":["GET"]}}],"collection":[{"href":"https:\/\/cheerleadingmonaco.com\/index.php\/wp-json\/wp\/v2\/pages"}],"about":[{"href":"https:\/\/cheerleadingmonaco.com\/index.php\/wp-json\/wp\/v2\/types\/page"}],"author":[{"embeddable":true,"href":"https:\/\/cheerleadingmonaco.com\/index.php\/wp-json\/wp\/v2\/users\/2"}],"replies":[{"embeddable":true,"href":"https:\/\/cheerleadingmonaco.com\/index.php\/wp-json\/wp\/v2\/comments?post=224"}],"version-history":[{"count":48,"href":"https:\/\/cheerleadingmonaco.com\/index.php\/wp-json\/wp\/v2\/pages\/224\/revisions"}],"predecessor-version":[{"id":513,"href":"https:\/\/cheerleadingmonaco.com\/index.php\/wp-json\/wp\/v2\/pages\/224\/revisions\/513"}],"wp:attachment":[{"href":"https:\/\/cheerleadingmonaco.com\/index.php\/wp-json\/wp\/v2\/media?parent=224"}],"curies":[{"name":"wp","href":"https:\/\/api.w.org\/{rel}","templated":true}]}}